{"id":924,"date":"2013-05-29T17:10:53","date_gmt":"2013-05-29T17:10:53","guid":{"rendered":"http:\/\/auteurs.harmattan.fr\/guy-dhoquois\/?page_id=924"},"modified":"2013-05-29T17:10:53","modified_gmt":"2013-05-29T17:10:53","slug":"source","status":"publish","type":"page","link":"https:\/\/auteurs.harmattan.fr\/guy-dhoquois\/source\/","title":{"rendered":"Source"},"content":{"rendered":"<ul>\n<li>La source jalouse<\/li>\n<li>J&rsquo;y grave ma pens\u00e9e<\/li>\n<li>N&rsquo;aime pas l&rsquo;oiseau<\/li>\n<li>Par lui au ciel je suis li\u00e9<\/li>\n<li>La source se perd dans les bruy\u00e8res<\/li>\n<li>L&rsquo;oiseau pour se poser<\/li>\n<li>N&rsquo;a plus qu&rsquo;un lit de mousse<\/li>\n<li>Au coeur du bois je r\u00eave<\/li>\n<li>J&rsquo;y trouve toute chose<\/li>\n<li>Sauf la source<\/li>\n<li>Froide sous le ciel rose<\/li>\n<li>Elle revient d\u00e9pit\u00e9e<\/li>\n<li>Salue l&rsquo;oiseau moqueur<\/li>\n<li>Elle me l\u00e8che les pieds<\/li>\n<li>Je n&rsquo;ai plus peur<\/li>\n<\/ul>\n","protected":false},"excerpt":{"rendered":"<p>La source jalouse J&rsquo;y grave ma pens\u00e9e N&rsquo;aime pas l&rsquo;oiseau Par lui au ciel je suis li\u00e9 La source se perd dans les bruy\u00e8res L&rsquo;oiseau pour se poser N&rsquo;a plus qu&rsquo;un lit de mousse Au coeur du bois je r\u00eave J&rsquo;y trouve toute chose Sauf la source Froide sous le ciel rose Elle revient d\u00e9pit\u00e9e&#8230;<\/p>\n","protected":false},"author":18,"featured_media":0,"parent":0,"menu_order":0,"comment_status":"closed","ping_status":"open","template":"","meta":{"footnotes":""},"wps_subtitle":"","_links":{"self":[{"href":"https:\/\/auteurs.harmattan.fr\/guy-dhoquois\/wp-json\/wp\/v2\/pages\/924"}],"collection":[{"href":"https:\/\/auteurs.harmattan.fr\/guy-dhoquois\/wp-json\/wp\/v2\/pages"}],"about":[{"href":"https:\/\/auteurs.harmattan.fr\/guy-dhoquois\/wp-json\/wp\/v2\/types\/page"}],"author":[{"embeddable":true,"href":"https:\/\/auteurs.harmattan.fr\/guy-dhoquois\/wp-json\/wp\/v2\/users\/18"}],"replies":[{"embeddable":true,"href":"https:\/\/auteurs.harmattan.fr\/guy-dhoquois\/wp-json\/wp\/v2\/comments?post=924"}],"version-history":[{"count":2,"href":"https:\/\/auteurs.harmattan.fr\/guy-dhoquois\/wp-json\/wp\/v2\/pages\/924\/revisions"}],"predecessor-version":[{"id":926,"href":"https:\/\/auteurs.harmattan.fr\/guy-dhoquois\/wp-json\/wp\/v2\/pages\/924\/revisions\/926"}],"wp:attachment":[{"href":"https:\/\/auteurs.harmattan.fr\/guy-dhoquois\/wp-json\/wp\/v2\/media?parent=924"}],"curies":[{"name":"wp","href":"https:\/\/api.w.org\/{rel}","templated":true}]}}